at is the highest common divisor of 12 and k?
12
Let o be 27*(8/6)/2. Calculate the highest common factor of 9 and o.
9
Let q = -57 + 72. What is the highest common factor of 165 and q?
15
Suppose 0 = -5*j + 2*c + 55, 4*c - 25 = -j + 8. Suppose -17 = -h - 2*x, -2 + 5 = h - 5*x. Calculate the highest common factor of h and j.
13
Let l = 218 - 156. Suppose -3*m = 4*u - 4*m - l, 4*m - 8 = 0. Calculate the highest common factor of 40 and u.
8
Suppose -6*t - 101 = -2*t - j, 4*t + j = -99. Let w = -53 - t. Let y be 8/w + 228/14. Calculate the greatest common factor of 8 and y.
8
Suppose -504 = -5*w - 0*w + 3*y, -4*w - 3*y + 387 = 0. Calculate the highest common factor of w and 11.
11
Let m = 35 - 20. Calculate the highest common factor of m and 5.
5
Suppose 0 = 3*w - 6, 0 = -5*s - 2*w + 3 + 191. Let x = 53 - s. What is the highest common divisor of x and 6?
3
Let t = 48 + 8. Calculate the highest common factor of t and 7.
7
Let a = 22 - -5. Suppose a = 3*l - 4*r - 122, -r = 4*l - 224. What is the greatest common factor of 11 and l?
11
Let a be 2/(-4) + 165/10. Let m = -15 + a. Calculate the greatest common divisor of m and 8.
1
Let b(y) = y**2 + 2*y**3 - 3*y**3 - 2*y**2. Let x be b(-1). Let l be x + -1 + (-3 - -8). Calculate the greatest common divisor of 44 and l.
4
Let b = -16 + 31. Suppose -y + 4*y - b = 0. Calculate the highest common factor of 20 and y.
5
Suppose -2*v = 10 + 2. Let g be 216/v*1/(-2). What is the greatest common factor of g and 45?
9
Suppose 167 - 59 = 2*i + 2*q, 0 = 2*i - q - 108. Suppose 2*y + 0*y = 4*g - i, -5*g = -y - 72. Calculate the highest common factor of g and 5.
5
Let g = -4 - -4. Suppose g = -3*o - 0*o + 132. Let f(m) = m + 11. Let h be f(-7). Calculate the greatest common divisor of o and h.
4
Suppose -4*q = -1143 + 399. Suppose 4*p - q - 34 = 0. What is the greatest common factor of p and 11?
11
Let l = -10 + 11. Let d(g) = 4*g**3 + 2*g**2 - g. Let b be d(l). What is the greatest common factor of b and 55?
5
Let m = -68 + 90. Suppose -5*p = -4*l + 357, 2*l + 3*l = 3*p + 443. What is the greatest common factor of l and m?
22
Let i be 4/(-6) + (-14)/(-3). Suppose 0 = 4*p - 3*a + 29 - 122, -4*a = -i*p + 92. Calculate the greatest common factor of 16 and p.
8
Suppose -d = -0*d - 2. Let h be 3/(-1 - d)*0. Suppose r - 49 - 63 = h. Calculate the highest common factor of 14 and r.
14
Suppose 3*o + y = 65, 4*o + 0*y - 86 = -y. Suppose -l = -5*l + 12. What is the highest common divisor of o and l?
3
Let b be -4 - (-1)/(2/48). What is the highest common factor of 40 and b?
20
Suppose 0 = -4*x - 12, 0 = -4*c - c + 4*x + 852. What is the highest common divisor of 21 and c?
21
Let x be 3 + 2*14/4. Let b(w) = -w**2 + 2. Let v be b(0). What is the greatest common divisor of v and x?
2
Suppose -8*h + 3*h = -160. Calculate the highest common factor of 8 and h.
8
Suppose -5*b - 2*m = -59 - 52, 24 = b + m. Let q(t) = t**2 + 2*t - 3. Let z be q(-6). What is the greatest common divisor of b and z?
21
Let r(h) = -h**2 + 8*h. Let d be r(5). Let l = -21 - -66. Calculate the greatest common divisor of d and l.
15
Let f = 43 + 32. Suppose 5*k - 4*k = f. Calculate the highest common factor of k and 30.
15
Suppose 0 = g + 3*g - 2*h - 16, 0 = -4*g - 4*h + 40. Calculate the highest common factor of 15 and g.
3
Suppose 5*x - 2*v = 39, 0 = -2*v - 3*v + 15. Let k = x - -31. Suppose -2*p - 3*s + 58 = -157, 425 = 4*p + 5*s. Calculate the greatest common factor of k and p.
20
Suppose -v + 9 = 2*k - 2, 21 = 3*k - 3*v. Let n be ((-28)/k)/(1/(-6)). Let c = -6 - -10. Calculate the highest common factor of c and n.
4
Let l be 1/(2*2/48). Let j be (-1186)/(-11) - 2/(-11). What is the highest common divisor of l and j?
12
Let u = 329 + -125. Calculate the highest common factor of 12 and u.
12
Let k be 15 + 1/(2 - 3). Calculate the highest common divisor of k and 112.
14
Suppose 4*f = 2*m - 60, 5*f - 87 - 63 = -5*m. Let p = 10 - 104. Let u be 6/(-9) - p/6. What is the highest common divisor of u and m?
15
Let i = 146 - 93. Let b = 87 - i. Calculate the highest common divisor of b and 85.
17
Let i(o) = 5*o - 7. Let v(g) = g**2 - 8*g. Let q be v(8). Let k = q + 5. Let y be i(k). What is the greatest common divisor of y and 27?
9
Let f(c) = 3*c**2 + 3*c + 4. Let l be f(-4). What is the greatest common factor of 16 and l?
8
Let m be -24*-3*(-3)/(-9). What is the greatest common factor of m and 8?
8
Let z = 37 + -36. Suppose -2*x - 4 = -6*x. What is the greatest common factor of x and z?
1
Suppose n - 2 = -5. Suppose 5*l - 23 = -118. Let m = n - l. Calculate the highest common divisor of 2 and m.
2
Suppose -49 = -3*h - 10. Calculate the greatest common factor of 52 and h.
13
Suppose 2*a = 4*m + 16, -2*a - 2*m + 40 = 3*a. Let x(s) = 8*s + 24. Let q be x(6). What is the greatest common factor of a and q?
8
Let c = 221 - 98. Suppose -5*v - c + 563 = 0. Suppose -52 = -5*m - 12. What is the greatest common divisor of m and v?
8
Let a = 64 - 57. What is the highest common factor of 63 and a?
7
Suppose 0 = 3*a + 2*c + 25 - 84, -5*a - 4*c = -101. Let l(y) = -y**3 - 2*y**2 + 4*y - 1. Let q be l(-6). Calculate the highest common factor of q and a.
17
Suppose -2*a - 352 = 2*a - 5*w, 0 = -w. Let q = 127 + a. Suppose -5*p + 39 = -2*p. What is the highest common divisor of q and p?
13
Suppose -5*w = 4*y - 51, -2*w + 21 = 4*y - 7*w. Let g = -94 + 193. What is the highest common factor of y and g?
9
Suppose 5*j = -34 + 94. Calculate the greatest common factor of j and 132.
12
Let v = 6 + -4. Suppose -v*l + 27 = 5. What is the greatest common factor of 22 and l?
11
Let h be 139 - 9 - (1 - -1). Let u(j) = j**2 - j + 4. Let p be u(4). Calculate the highest common factor of p and h.
16
Let k = -46 - -86. Calculate the greatest common factor of 10 and k.
10
Let j = 3 + 1. What is the greatest common divisor of j and 1?
1
Suppose -20 = -4*j, 0*o + 3*o = 3*j + 117. Calculate the greatest common divisor of o and 33.
11
Let s be (4/6)/((-2)/(-9)). Suppose 19 = s*y - 44. Calculate the greatest common factor of 3 and y.
3
Let j(d) = -18*d + 12. Let a be j(-6). Calculate the greatest common divisor of a and 15.
15
Let t(y) = 2*y**3 - 4*y**2 + 5*y - 5. Let s be t(2). Suppose -3*f + 102 = -a, -11 = f + 4*a - 58. What is the greatest common factor of f and s?
5
Let u = -49 + 77. Suppose 0*l = -l + 7. What is the greatest common divisor of u and l?
7
Suppose -3*y + 2*t - 170 = 2*y, y = -2*t - 22. Let b = -10 - y. Calculate the highest common factor of b and 2.
2
Let t = 144 + -84. Calculate the greatest common factor of t and 24.
12
Let c = 14 - 3. Suppose 7*o = -c + 396. Calculate the greatest common divisor of o and 22.
11
Let i(b) = -2*b + 19. Let u be i(4). What is the greatest common factor of 1 and u?
1
Let s be 138/5 - (-4)/10. Let g(q) = 30*q + 2 - 1 - 7*q. Let o be g(3). Calculate the greatest common divisor of s and o.
14
Let p be 6*((-4)/6 - -2). Suppose -4*c + 69 = -59. Calculate the highest common factor of c and p.
8
Suppose 0 = -0*c - 2*c - 2. Let r be c/(2/18)*-14. What is the greatest common factor of 14 and r?
14
Let q be ((-9)/(-12))/(2/(-8)). Let j(t) = 0 - 2 - 5*t - t. Let s be j(q). What is the greatest common factor of s and 40?
8
Let x(p) = -p**3 + 3*p**2 + 5*p - 2. Let i be x(3). What is the greatest common divisor of i and 65?
13
Let y = 42 - 30. What is the greatest common factor of y and 96?
12
Suppose 0 = -8*f + 9*f - 145. Let j = -93 + f. Let i be (1 - (-2 + 2)) + 12. Calculate the highest common divisor of j and i.
13
Suppose l + 24 = -3*n + 131, -5*l - 165 = -5*n. What is the highest common divisor of n and 245?
35
Let j = 3 - 2. Let b = j + 15. Let x be 1 + (-15)/(-3) - 18/(-9). What is the highest common factor of x and b?
8
Suppose -r = -136 - 11. Suppose 0 = -4*c + 67 + 17. Calculate the highest common divisor of c and r.
21
Let a = 0 - -20. Suppose -3*p = -276 + 66. Suppose 30 = 5*j - p. Calculate the greatest common divisor of a and j.
20
Let l be (2 - 4)*229/(-2). Let r = l + -163. Let x be 1 + 3 + (-6)/(-3). Calculate the greatest common divisor of r and x.
6
Suppose 5*k - 4 = 3*k. Suppose o + 5*a = 2*a - 16, -2*o + 2*a = 0. Let q = -1 - o. Calculate the highest common divisor of k and q.
1
Suppose 2 = b - 7. Calculate the highest common factor of 1 a